inder when 444 is divided by a(-37)?
216
Let v(w) = 7*w**3 - w**2 - 59*w + 436. Calculate the remainder when v(6) is divided by 194.
6
Let f = 9 + -6. Suppose -39 = 2*o - f*o. Suppose -3*r + 8316 = 105*r. Calculate the remainder when r is divided by o.
38
Suppose 3*a + 30 = 5*a - 4*x, -2*a - 4*x + 22 = 0. Suppose a*j = -117 + 468. Calculate the remainder when 79 is divided by j.
25
Let y = 32031 - 31988. What is the remainder when 289 is divided by y?
31
Let m = -15786 + 15891. What is the remainder when 1037 is divided by m?
92
Let g = 4 + 8. Let k be (-50)/8*(-608)/380. Suppose 7*h - k*h = -171. Calculate the remainder when h is divided by g.
9
Suppose 3*q - 99 = -3*p, 6*p + 60 = 2*q + 5*p. Let d = -177 - -163. Let t(z) = -z**2 - 21*z + 25. What is the remainder when t(d) is divided by q?
30
Suppose 6*y - 20 = y + 5*n, -2*y - n = -5. Let g(m) = -15*m**3 + 2*m - 2*m**y - m - 2*m. What is the remainder when g(-1) is divided by 7?
4
Let v be ((1 - 4) + 5)*1*-62. Let l = v + 135. What is the remainder when 39 is divided by (-3)/((2/16)/(l/(-33)))?
7
Let a be (19 - 24) + -1 + 69. Suppose 64*d = a*d + 97. Suppose 25 = -6*i + d. What is the remainder when 23 is divided by i?
11
Let m = 96 - 1. Let l = 794 + -386. Suppose 8*p = -9*p + l. What is the remainder when m is divided by p?
23
Let h = -3 - -96. Calculate the remainder when -6 + h + (5 - 4) is divided by 18.
16
Calculate the remainder when 122 is divided by (300/35 - 8)/((-2)/(-21)).
2
Suppose -33 = 2*o + 5*g + 812, 0 = -5*g + 5. Let a = 468 + o. Calculate the remainder when 116 is divided by a.
30
Let y = -550 - -620. Suppose -4*o - 4*d = -76, y*o + 4*d + 108 = 74*o. Let a = 18 - -65. Calculate the remainder when a is divided by o.
14
Suppose 0*d - 48*d + 350 = 22*d. Calculate the remainder when 21 is divided by d.
1
Suppose -4*l = -5*g - 133, 49 = 2*l - 2*g + 3*g. Suppose 4*n = 4*s + 284, -2*n - 5*s = -204 + l. Calculate the remainder when n is divided by 20.
16
Let g = 17 - -1. Let z = -185 + 282. Suppose -170 = -102*u + z*u. What is the remainder when u is divided by g?
16
Let y be (-175*(2 + 0 - 1))/1. Let r be 6/4 - 2 - y/50. Suppose -n = -5*q, 44 = -n + r*n + q. Calculate the remainder when 32 is divided by n.
12
What is the remainder when 22/(77/7 + 957/(-88)) is divided by 83?
10
Let o(m) = 273*m**2 + 1813*m + 8. What is the remainder when o(-7) is divided by 76?
10
Let x = 3277 + -3266. Calculate the remainder when 20 is divided by x.
9
Suppose 0 = 60*v - 8863 + 3592 - 4269. Let q = -30 + 62. Calculate the remainder when v is divided by q.
31
Let r be (-1)/((-30)/(-36) - 1). Calculate the remainder when 2 is divided by r/(-39) - (-224)/104.
0
Let v(l) = 9*l - 21. Suppose 4*y - 6*x = -5*x + 71, -12 = 4*x. Suppose 6*p - y = 7. What is the remainder when v(p) is divided by 5?
0
Let i(x) = 112*x - 418. What is the remainder when i(4) is divided by 21?
9
Suppose -7*l - 371 = 1120. Let p = 98 + l. Let t = 161 + p. Calculate the remainder when t is divided by 16.
14
Suppose 2*l - 42 = 170. Let j(c) = 6*c**2 + c + 3. Let m be j(-1). Calculate the remainder when l is divided by 30/240 - (-95)/m.
10
Let j be ((-27)/(-3))/3 - -6. Let d(q) = -302*q - 5 + 300*q + 18 + 17. Calculate the remainder when 117 is divided by d(j).
9
Suppose -62*v = -12*v - 0*v - 250. Calculate the remainder when 10 is divided by v.
0
Let c(a) = -83*a - 817. Let w = 50 - 25. Calculate the remainder when w is divided by c(-10).
12
Let w(x) = 3*x**3 - 212*x**2 + 145*x - 313. What is the remainder when 5917 is divided by w(70)?
34
Suppose -47 = -u - 5*b + 135, -3*u + 560 = b. Let s = -204 + 251. What is the remainder when u is divided by s?
46
Let r be 2 + 646/3 + 4/6. Suppose 0 = 11*p - r + 75. Calculate the remainder when p is divided by 11.
2
Let q = 1140 + -1104. Calculate the remainder when q is divided by (11 - 9)*(-21)/(-2).
15
Let c = 11022 - 10917. What is the remainder when 647 is divided by c?
17
Let q(p) = 19*p - 100 - 58 - p**2 + 100. Calculate the remainder when q(8) is divided by 11.
8
Let b(h) be the second derivative of h**3/2 - 17*h**2/2 + 46*h. Let p be b(5). What is the remainder when (480 + -2)/p*(-8)/8 is divided by 11?
8
Let q = 3194 + -3191. Calculate the remainder when 225 is divided by q.
0
Let o(d) = 49*d**2 + 4*d - 3. Let j(n) = 50*n**2 + 5*n - 4. Let x(k) = -4*j(k) + 5*o(k). Let f = 64 + -63. Calculate the remainder when x(f) is divided by 12.
10
Let f = 56 + 34. What is the remainder when (-6)/(f/(-155))*3 is divided by 10?
1
Let g = 81 - 99. Let x = 20 + g. Suppose 20 = -0*y + x*y. What is the remainder when 49 is divided by y?
9
Let w(t) = 2*t**2 + 45*t - 984. Let a(u) = 14*u**3 + u**2 - u + 1. What is the remainder when w(14) is divided by a(1)?
8
Suppose 31*m = -193*m + 259840. What is the remainder when m is divided by 236?
216
Let z = -24834 - -24842. Let p = 2 + 18. What is the remainder when p is divided by z?
4
Suppose 222 = 3*q + 3*k, 11 + 317 = 4*q - 4*k. What is the remainder when q is divided by 51?
27
Let u(d) = 15*d**2 - 11*d + 12. What is the remainder when u(1) is divided by ((-332)/(-9))/4 + (-2)/9?
7
Let t = 13536 + -13523. Suppose 4*c = -6 + 106. Let g = 127 - c. Calculate the remainder when g is divided by t.
11
Let c(j) = 1303*j + 3923. Let g = 36 - -33. What is the remainder when g is divided by c(-3)?
13
Let a be 11/((-66)/24) - 86. Let m = 118 + a. What is the remainder when 80 is divided by m?
24
What is the remainder when 56 is divided by 16/184 - 11844/(-276)?
13
Let k = -716 + 745. Suppose 74*l = 70*l + 84. Calculate the remainder when k is divided by l.
8
Suppose -2*s = -3*i + 44, -2*s + 5*i - 3*i = 46. Let n = 36 + s. What is the remainder when n is divided by 6/((6 - 14/4)*6/10)?
3
Let l = 107 + 45. Calculate the remainder when l is divided by 20 + 1/6*2*-9.
16
Let f = -4268 - -4282. Let d = 1265 + -470. What is the remainder when d is divided by f?
11
Let v(k) = -2*k**3 - 4*k**2 - 2. Suppose 0 = -127*r + 52*r + 10650. Calculate the remainder when r is divided by v(-3).
14
Let b = -40783 + 40850. Calculate the remainder when b is divided by 39.
28
Suppose 424*z - 1335719 = 291*z. What is the remainder when z is divided by 9?
8
Suppose -37*p - 58*p + 6270 = 0. Let q = -291 + 487. What is the remainder when q is divided by p?
64
Let v = -35 + 39. Suppose 114 = v*w + 34. Let m = -17 + w. What is the remainder when 9 is divided by m?
0
Let g(k) = -k**3 - 74*k**2 - 153*k - 550. Calculate the remainder when 1205 is divided by g(-72).
29
Let i(z) = 4*z + 1251. What is the remainder when i(36) is divided by 236?
215
Let f(d) = -20*d - 288 - 281 + 567. Calculate the remainder when 57 is divided by f(-1).
3
Suppose z + 474*q - 40 = 473*q, 49 = z - 2*q. Calculate the remainder when 372 is divided by z.
28
Suppose -17 = -3*n + 4*z - 8*z, 2*n = 3*z. Suppose 5*a - 39 = -2*t, 5*a = n*t + a - 24. What is the remainder when 358/8 - 1/(-4) is divided by t?
9
Let j(l) = 24*l**2 + 2*l - 4. Let g(c) = -c**2 - 2*c + 2. Let v be g(0). Calculate the remainder when j(v) is divided by 49.
47
Let n = 2347 - 2083. Calculate the remainder when 1318 is divided by n.
262
Suppose -5*h - 4*r + 199 + 155 = 0, 0 = 2*h - 2*r - 138. Calculate the remainder when 158 is divided by h.
18
Let d(g) = -6*g**2 - 211*g - 62. Calculate the remainder when 230 is divided by d(-34).
54
Let m(f) = -f**2 - 10*f - 12. Let h be m(-8). Suppose -h*n - n = -55. Suppose -445 = -26*v + 19 + 30. Calculate the remainder when v is divided by n.
8
Let i(c) = 2. Let b(l) = 18*l + 198. Let n(k) = -2*b(k) + 180*i(k). What is the remainder when n(-5) is divided by 5?
4
What is the remainder when 146 is divided by (-1 - 20/(-28))/(26/182)*-41?
64
Suppose -7*l = -2*l - 115. Let j be 483/(-21) + (-7 - -1). Let p = j + 35. Calculate the remainder when l is divided by p.
5
Suppose k + 3*k = -3*l + 19, -2*l + 6 = -4*k. Suppose -7*w + 87 = -c, w - 99*c = -97*c + 18. What is the remainder when (-107)/(-1) + (-1)/k is divided by w?
10
Let q = 386 + 319. Suppose -5*p + 0*p + q = 0. Calculate the remainder when p is divided by 11.
9
Calculate the remainder when 2/(-4)*(-125 - 193) is divided by 122.
37
Let a be (6/(-36) + 547/6)/1. Suppose 7*o + a = 343. Let j = o - 25. Calculate the remainder when 51 is divided by j.
7
Suppose -7 